8)?
9
What is the value of 4 - (4 - 12) - (101 - 91)?
2
What is the value of -5 + 1 + (13 - 14)?
-5
Evaluate (12 - (9 - 6)) + 19 + -23.
5
What is (11 - 21 - -11) + 2 + -2 + -12?
-11
What is the value of 6 + (11 - 17) + (-2 - 0) + -10?
-12
20 + -23 + 29 + 6
32
(31 - (19 - -3)) + -13
-4
Evaluate 1 + 23 + 18 + -14 + 3 - 10.
21
What is (-7 - 2) + (6 - 1)?
-4
What is -136 + 164 + (2 - 10)?
20
Calculate -2 + -9 - (-3 - 2 - (-12 + 8)).
-10
Evaluate 34 + -6 + -7 + -1 - 14.
6
0 - (-3 - -3 - 32) - (-161 + 170)
23
Calculate 13 - ((7 - 9) + 4 - -4).
7
What is (0 - 0) + -41 + (-4 - (20 + -40))?
-25
Evaluate -19 + 4 + -4 + (3 - -4).
-12
Evaluate -11 - (5 + (8 - (7 + 3))).
-14
What is (-7 - 21) + 108 + -83?
-3
What is the value of 15 - (10 + -12 + 11) - (1 + 10)?
-5
Evaluate -56 + 76 + -28 - (-5 - (0 - 0)).
-3
What is the value of (-43 - -7 - -50) + (-1 - (0 - -6))?
7
What is (17 + -7 - -9) + -33?
-14
What is -17 + 33 + -21 - (-1 + 1)?
-5
What is 5 - ((-7 - -2) + 5 - -21)?
-16
What is -4 - (5 - 1) - (-11 + 10)?
-7
What is -9 + 11 + -8 - (-13 + 3) - 8?
-4
Evaluate -39 + (22 - 32) + 30.
-19
34 - ((1 + -6 - -4) + 2 - 2)
35
What is the value of 7 + (15 + -16 - 2)?
4
7 - (1 + 4) - (6 - 0) - 11
-15
Evaluate 2 + (-8 - -2 - -5) - -9.
10
Calculate 25 + 43 + -13 + -37.
18
What is the value of (0 - (0 + 6)) + 59 + -29 + -11?
13
What is 16 + (-14 - -19) + -5?
16
Calculate (0 - -2) + 2 - -9.
13
What is the value of 7 + -11 + (12 - 13)?
-5
What is (-5 - (-37 + 8 + 5)) + -2?
17
What is the value of 4 + 32 + -20 - (9 - 3)?
10
Calculate (-7 - ((-8 - 2 - -4) + -2)) + -8.
-7
What is the value of (-39 - -24) + 15 + -3 - (14 - -1)?
-18
21 + -19 + 4 + -15 + -3
-12
0 - 3 - (-12 + 6)
3
Calculate -21 - (32 + -6 + -36).
-11
-1 - ((2 - 0) + 9 + -7) - 6
-11
What is -29 - (-9 - (-2 + 35))?
13
What is the value of 6 + (-6 - (-2 + -6)) + -2 + -7?
-1
What is (4 - 3) + (10 - 6)?
5
What is -13 - (-20 + (-8 - -2))?
13
What is the value of 17 + 1 - (-29 + 54 + 10)?
-17
(25 - (49 - 16)) + -6
-14
7 + -17 + 7 + -2 + 3
-2
-17 - -37 - 22 - (34 + -5 + 0)
-31
What is the value of 3 - 7 - 4 - (-15 + 39)?
-32
What is -11 - 0 - (-20 + 35 - (6 + 6))?
-14
(-1 - 17 - -2) + -108 + 95
-29
What is the value of -20 - (-12 + (-2 - 3))?
-3
What is 22 + 15 + (13 - (5 + 18))?
27
What is the value of -2 + -3 + -4 + 10 + -1 + 3?
3
Calculate -3 - (-4 - (6 - 6)) - 7.
-6
Evaluate (28 - 32) + 4 + (-3 - -2).
-1
What is (7 - 35) + 27 + (17 - 1)?
15
1564 - 1539 - (18 - 1)
8
Calculate (70 - 67) + -3 + (-28 - 0) + 11.
-17
What is 48 + -32 - (-11 + 43)?
-16
Evaluate -3 - (-17 - (-2 - 10)).
2
Calculate 3 + 0 + 1 + -42 + 46.
8
Calculate 17 + -31 + -8 + (0 - -8).
-14
What is the value of -21 + 32 - -17 - 14?
14
Evaluate -12 + ((2 - 10) + -1 - -10).
-11
What is (17 - -20) + -14 - 42?
-19
What is the value of (0 - 8) + 73 + -71 + (24 - -1)?
19
What is 7 + -2 - (22 + 10 + -22)?
-5
Evaluate -3 + (-8 - -1 - (15 + 16 + -37)).
-4
What is (-1 - 0) + 29 + -11 - 6?
11
What is the value of (13 + 8 - (-13 + 22)) + -35?
-23
Calculate 1 - 11 - (-33 - (9 + -5)).
27
39 - 26 - 13 - (-1 + -11 + -3)
15
What is 15 + (180 - 165) + (-2 - 10)?
18
Calculate -5 + 0 + (12 - (3 + 0)).
4
-8 + -6 + 25 + -3
8
What is 3 - (-41 - -28 - ((0 - 7) + 2))?
11
Evaluate -6 + 10 + 8 - (-3 - (-6 - -6)).
15
What is 33 + -42 - (-11 + -1) - (0 - 8)?
11
What is (-2 - (-15 - 2 - -22)) + (13 - 1)?
5
Evaluate -1 - (-8 - (-5 + (-5 - -5) + 2)).
4
What is (6 - 6) + -5 - 0?
-5
Calculate 7 - ((7 - 4 - 7) + 8 + -5).
8
-10 + 13 + -21 + 6 + 32
20
What is the value of (-3 - -2) + 4 + 1 + 26 + -22?
8
Evaluate -52 - -64 - (20 + 0).
-8
What is the value of (182 - 186) + (0 - 17) - 14?
-35
(-1 + -24 - -1) + -14 + 26 + -6
-18
Calculate -1507 - -1504 - (24 + -1).
-26
Calculate 42 - (1 + 5 - (0 + -7 + 3)).
32
Evaluate -3 + (-2 - (-2 + -19)) + (12 - 15).
13
What is 38 - (33 + 20 - -14)?
-29
Evaluate (-4 - -8) + 5 + -8 + 7.
8
Calculate (4 - 9) + 8 - -18.
21
What is the value of (25 - (66 + -30)) + 0 + -1?
-12
Calculate 27 + (-8 - 7) + (21 - 15).
18
What is the value of (-13 - -6) + -2 + 27 - 4?
14
Calculate (1 - (-1 + 1) - (34 - 32)) + 2.
1
13 + -47 + 31 - (-27 - 1)
25
Calculate -15 + (-18 + 36 - 1).
2
(27 - (23 + -26)) + -11
19
Calculate 14 + (2 - 2 - (10 + -12) - 7).
9
-55 - -56 - (0 - -1) - -4
4
What is 6 + 0 - (-32 + 40)?
-2
What is the value of 1 + (-4 - (3 - 10))?
4
What is (20 - 19) + 0 + -6 - (67 - 66)?
-6
What is the value of -1 + -4 + 27 + -30 + (23 - 0)?
15
What is (4 + (-2 - 4) - -13) + -5 - 6?
0
Evaluate 87 - 71 - (44 + -3).
-25
Evaluate 17 + -11 + 6 + -11 - 16.
-15
What is the value of 4 + (-55 - -45 - (-15 - -3))?
6
What is the value of (5 + 10 - (-20 - -35)) + (-1 - 28)?
-29
Calculate 14 + -35 + 25 + 1 + 2 + 1.
8
4 - (21 - (16 + 10))
9
What is 5 + 1 + (-4 + -7 - (6 - 23))?
12
-4 - -16 - (-20 - -16)
16
Calculate 49 + -49 - (6 - -1) - (12 + -4).
-15
(4 - 0 - 10) + 6 + -4
-4
Calculate 10 + -19 + -4 + 18.
5
-4 - -24 - (84 - 59) - (1 + -16)
10
Evaluate -786 + 756 + (2 - -34).
6
What is -3 - -10 - (18 + 13)?
-24
Calculate 17 + (-54 - -14) + 6.
-17
What is (0 - (-6 - -5)) + (2 - -12 - 24)?
-9
Evaluate -1 - (10 + 5 + -9) - -11.
4
What is the value of 10 - (3 + 2) - (-21 + 17)?
9
Evaluate 13 - 5 - (-5 + 1 + 4 - 7).
15
Calculate 3 - (-4 + 4 + 1 - -15).
-13
Calculate 26 - (-8 - (9 - 36)).
7
Evaluate -3 - 8 - (56 - 59).
-8
-3 + 13 - 12 - -12
10
Calculate -1 + (-8 - 0) + (157 - -7) + -165.
-10
3 + (15 - 8) - 4
6
What is the value of 1024 - 1027 - (2 - (0 + -1))?
-6
What is -31 + 28 - (1 + 3 + -1)?
-6
Evaluate (4 - (0 + 5 + 0)) + 3 - -1.
3
What is 4 + -2 + (-5 - (9 + -32)) + -12?
8
Evaluate -1 + 4 + (-10 - 58) + 32.
-33
What is the value of -5 + -1 + -3 + 6 + 2 + -3?
-4
What is the value of -9 + (13 - (2 + 11))?
-9
14 - (19 + -22) - 5
12
Calculate -12 + (-22 - -9) + 24.
-1
What is (-19 - -17 - (-1 + -3)) + (4 - 10)?
-4
Evaluate (12 - -1) + 207 + -229.
-9
Evaluate (-9 - (-11 + -1 - 8)) + (-3 - -2).
10
1 + 5 - ((3 + 2 - -7) + -5)
-1
-9 - (12 + (2 - 17) + -14)
8
49 - 21 - (14 + -2)
16
Calculate (-22 - (-11 - (-7 - -12))) + -2.
-8
What is the value of -65 + 71 + -5 + 4 + -1?
4
What is (-6 + (7 + 2 - 1) - 9) + 10?
3
What is 10 - (-21 + -2 - -4)?
29
Evaluate -30 + 20 + -1 + 25.
14
Evaluate 33 - (31 + -41) - 15.
28
Evaluate (1 - -9) + 8 + -2 + -7 + -1.
8
Calculate 10 + (15 + 1 - 17).
9
What is the value of (-11 - (-6 + 4 - 7)) + -15?
-17
What is the value of (-5 - 3) + 12 - 10?
-6
What is the value of 10 - -9 - (38 - 18)?
-1
What is -35 - (-46 - 4) - (0 + 1 + -1)?
15
11 + 9 + -7 + -3
10
Calculate 5 + -14 + -9 + 14 + (-2 - 12).
-18
(-1 - 5 - -9 - 10) + 22
15
Calculate (6 - (-47 - -23)) + -9.
21
What is the value of -22 - (-26 + (39 - 16))?
-19
What is the value of 2 - 24 - (-110 + 97)?
-9
-29 + (16 - -8) - (-2 - -1)
-4
Calculate -5 + (13 - -21) - 34.
-5
What is the value of -5 + 6 - (-23 + -2 + (-3 - -7))?
22
What is the value of 3 - (2 + (-11 - -3) - -2)?
7
Calculate -4 + (0 - (-1 + 21)) - -8.
-16
Evaluate -41 - ((11 - 59) + 23).
-16
Evaluate 6 + -4 - -4 - (0 + 19).
-13
(6 - 1) + (16 - 5) + -2
14
Evaluate -4 + 6 + (-5 - -4) + -7.
-6
(-12 - (-32 - -17)) + -4 + -1
-2
-25 + -5 + 4 + (-19 - -27)
-18
Calculate (2 - 7) + (88 - 75) + -11.
-3
What is (18 - 2) + (-181 - -158)?
-7
Evaluate -23 + (11 - 10) + 14.
-8
Calculate 9 - (-7 + -13 - -2).
27
Calculate 22 + -14 - 17 - 1.
-10
Calculate (-20 - -39) + -58 - -14.
-25
Evaluate 21 + -32 + -2 + 9 + 17 + 1.
14
What is 11 - (-45 + (39 - 25) + 9 + 1)?
32
What is 7 + (-8 - -11) - (3 - -4)?
3
-15 + 12 - (2 - -8 - (21 - 17))
-9
What is 14 + (-19 - -1 - (-9 + 10))?
-5
What is the value of 3 + -1 - -4 - (171 - 159)?
-6
What is -2 + (-7 - (-8 + 5) - 2) + -6?
-14
What is the value of -4 + (-4 - (3 + (-2 - -4) - 15))?
2
Evaluate -3 + -18 + 8 + 10.
-3
7 + 3 + 20 + -51
-21
-11 - (-1 - 4 - 0 - (15 - 18))
-9
Evaluate 12 + 1 - (-57 + 55).
15
What is the value of 4 + -14 + 12 + -16?
-14
What is (2 - (-2 + -16)) + (-799 - -802)?
23
Calculate (1 - -12) + (18 - 29) + 14.
16
Evaluate -17 + (43 - (-10 + 17)).
19
What is the value of (2 - -8) + -1 - 13?
-4
Calculate (-52 - -57) + (0 + 2 + 1 - -1).
9
Evaluate -13 - -20 - (0 - -1) - (2 - 4).
8
What is the value of -37 - (-18 - (41 - 59))?
-37
(-163 - -150) + (1 - 1)
-13
Calculate 0 + -2 - 1 - (166 + -151).
-18
Evaluate 9 + (2 + 1